{"id":65,"date":"2023-06-05T12:42:07","date_gmt":"2023-06-05T12:42:07","guid":{"rendered":"https:\/\/www.vereinsring-finthen.de\/index.php\/vorstand\/"},"modified":"2024-11-25T18:29:05","modified_gmt":"2024-11-25T17:29:05","slug":"vorstand","status":"publish","type":"page","link":"https:\/\/www.vereinsring-finthen.de\/index.php\/vorstand\/","title":{"rendered":"Vorstand"},"content":{"rendered":"\n  \n    \n    <section class=\"u-clearfix u-grey-10 u-section-2\" id=\"sec-9911\">\n      <div class=\"u-clearfix u-sheet u-sheet-1\"><\/div>\n    <\/section>\n    <section class=\"u-clearfix u-gradient u-section-3\" id=\"sec-666e\">\n      <div class=\"u-clearfix u-sheet u-valign-middle u-sheet-1\">\n        <h4 class=\"u-text u-text-default u-text-1\"> Vorstand des&nbsp;Vereinsring- Finthen<\/h4>\n      <\/div>\n    <\/section>\n    <section class=\"u-clearfix u-custom-typography u-gradient u-section-4\" id=\"sec-4756\">\n      <div class=\"u-clearfix u-sheet u-sheet-1\">\n        <div class=\"u-expanded-width u-list u-list-1\">\n          <div class=\"u-repeater u-repeater-1\">\n            <div class=\"u-align-center u-container-align-center u-container-style u-list-item u-repeater-item\">\n              <div class=\"u-container-layout u-similar-container u-valign-top u-container-layout-1\">\n                <div alt=\"\" class=\"u-image u-image-circle u-image-1\" src=\"\" data-image-width=\"360\" data-image-height=\"480\" style=\"background-image: url(&quot;https:\/\/www.vereinsring-finthen.de\/wp-content\/uploads\/2023\/06\/Hinkel_J.jpg&quot;);\"><\/div>\n                <h5 class=\"u-text u-text-1\">J\u00fcrgen Hinkel<\/h5>\n                <p class=\"u-text u-text-2\">Vorsitzender<br>\n                <\/p><span class=\"u-border-2 u-border-palette-1-base u-file-icon u-icon u-icon-circle u-icon-1\" data-href=\"mailto:vorsitzender@vereinsring-finthen.de?subject=Vereinsring Finthen\"><img decoding=\"async\" src=\"https:\/\/www.vereinsring-finthen.de\/wp-content\/uploads\/2023\/06\/8160192.png\" alt=\"\"><\/span>\n              <\/div>\n            <\/div>\n            <div class=\"u-align-center u-container-align-center u-container-style u-list-item u-repeater-item\">\n              <div class=\"u-container-layout u-similar-container u-valign-top u-container-layout-2\">\n                <div alt=\"\" class=\"u-image u-image-circle u-image-2\" src=\"\" data-image-width=\"558\" data-image-height=\"770\" style=\"background-image: url(&quot;https:\/\/www.vereinsring-finthen.de\/wp-content\/uploads\/2023\/06\/Veit_UdoKopie.jpg&quot;);\"><\/div>\n                <h5 class=\"u-text u-text-3\">Udo Veit<\/h5>\n                <p class=\"u-text u-text-4\">Stellv. Vors. Kultur&nbsp;<\/p><span class=\"u-border-2 u-border-palette-1-base u-file-icon u-icon u-icon-circle u-icon-2\" data-href=\"mailto:stellvertreter_kultur@vereinsring-finthen.de?subject=Vereinsring Finthen\"><img decoding=\"async\" src=\"https:\/\/www.vereinsring-finthen.de\/wp-content\/uploads\/2023\/06\/8160192.png\" alt=\"\"><\/span>\n              <\/div>\n            <\/div>\n            <div class=\"u-align-center u-container-align-center u-container-style u-list-item u-repeater-item\">\n              <div class=\"u-container-layout u-similar-container u-valign-top u-container-layout-3\">\n                <div alt=\"\" class=\"u-image u-image-circle u-image-3\" src=\"\" data-image-width=\"622\" data-image-height=\"809\" style=\"background-image: url(&quot;https:\/\/www.vereinsring-finthen.de\/wp-content\/uploads\/2023\/06\/Walter_Wolfgang.jpg&quot;);\"><\/div>\n                <h5 class=\"u-text u-text-5\">Wolfgang Walter<\/h5>\n                <p class=\"u-text u-text-6\">Stellv. Vors. Sport<\/p><span class=\"u-border-2 u-border-palette-1-base u-file-icon u-icon u-icon-circle u-icon-3\" data-href=\"mailto:stellvertreter_sport@vereinsring-finthen.de?subject=Vereinsring Finthen\"><img decoding=\"async\" src=\"https:\/\/www.vereinsring-finthen.de\/wp-content\/uploads\/2023\/06\/8160192.png\" alt=\"\"><\/span>\n              <\/div>\n            <\/div>\n            <div class=\"u-align-center u-container-align-center u-container-style u-list-item u-repeater-item\">\n              <div class=\"u-container-layout u-similar-container u-valign-top u-container-layout-4\">\n                <div alt=\"\" class=\"u-image u-image-circle u-image-4\" src=\"\" data-image-width=\"532\" data-image-height=\"827\" style=\"background-image: url(&quot;https:\/\/www.vereinsring-finthen.de\/wp-content\/uploads\/2023\/06\/Bauer_Marita.jpg&quot;);\"><\/div>\n                <h5 class=\"u-text u-text-7\">Marita Bauer<\/h5>\n                <p class=\"u-text u-text-8\">Gesch\u00e4ftsf\u00fchrerin<\/p><span class=\"u-border-2 u-border-palette-1-base u-file-icon u-icon u-icon-circle u-icon-4\" data-href=\"mailto:geschaftsfuehrung@vereinsring-finthen.de?subject=Vereinsring Finthen\"><img decoding=\"async\" src=\"https:\/\/www.vereinsring-finthen.de\/wp-content\/uploads\/2023\/06\/8160192.png\" alt=\"\"><\/span>\n              <\/div>\n            <\/div>\n            <div class=\"u-align-center u-container-align-center u-container-style u-list-item u-repeater-item\">\n              <div class=\"u-container-layout u-similar-container u-valign-top u-container-layout-5\">\n                <div alt=\"\" class=\"u-image u-image-circle u-image-5\" src=\"\" data-image-width=\"1920\" data-image-height=\"1918\" style=\"background-image: url(&quot;https:\/\/www.vereinsring-finthen.de\/wp-content\/uploads\/2023\/06\/IMG_5234.jpg&quot;);\"><\/div>\n                <h5 class=\"u-text u-text-9\">. <\/h5>\n                <p class=\"u-text u-text-10\">.<\/p><span class=\"u-border-2 u-border-palette-1-base u-file-icon u-icon u-icon-circle u-icon-5\"><img decoding=\"async\" src=\"https:\/\/www.vereinsring-finthen.de\/wp-content\/uploads\/2023\/06\/8160192.png\" alt=\"\"><\/span>\n              <\/div>\n            <\/div>\n            <div class=\"u-align-center u-container-align-center u-container-style u-list-item u-repeater-item\">\n              <div class=\"u-container-layout u-similar-container u-valign-top u-container-layout-6\">\n                <div alt=\"\" class=\"u-image u-image-circle u-image-6\" src=\"\" data-image-width=\"947\" data-image-height=\"1021\" style=\"background-image: url(&quot;https:\/\/www.vereinsring-finthen.de\/wp-content\/uploads\/2023\/06\/Schmitt_Irmgard_1.png&quot;);\"><\/div>\n                <h5 class=\"u-text u-text-11\">Irmgard Schmitt<\/h5>\n                <p class=\"u-text u-text-12\">Archivarin<\/p><span class=\"u-border-2 u-border-palette-1-base u-file-icon u-icon u-icon-circle u-icon-6\" data-href=\"mailto:archiv@vereinsring-finthen.de?subject=Vereinsring Finthen\"><img decoding=\"async\" src=\"https:\/\/www.vereinsring-finthen.de\/wp-content\/uploads\/2023\/06\/8160192.png\" alt=\"\"><\/span>\n              <\/div>\n            <\/div>\n          <\/div>\n        <\/div>\n      <\/div>\n    <\/section>\n    <section class=\"u-align-center u-clearfix u-container-align-center u-gradient u-valign-middle u-section-5\" id=\"sec-e6f7\">\n      <div class=\"custom-expanded u-align-center u-table u-table-responsive u-table-1\">\n        <table class=\"u-table-entity\">\n          <colgroup>\n            <col width=\"16.6%\">\n            <col width=\"18.4%\">\n            <col width=\"15.5%\">\n            <col width=\"16.3%\">\n            <col width=\"16.2%\">\n            <col width=\"17%\">\n          <\/colgroup>\n          <thead class=\"u-align-center u-gradient u-table-header u-table-header-1\">\n            <tr style=\"height: 98px;\">\n              <th class=\"u-border-2 u-border-grey-dark-1 u-border-no-left u-border-no-right u-border-no-top u-table-cell u-table-cell-1\">Vorsitzende<\/th>\n              <th class=\"u-border-2 u-border-grey-dark-1 u-border-no-left u-border-no-right u-border-no-top u-table-cell\"><\/th>\n              <th class=\"u-border-2 u-border-grey-dark-1 u-border-no-left u-border-no-right u-border-no-top u-table-cell u-table-cell-3\">Stellv. Vorsitzende<br>Kultur\n              <\/th>\n              <th class=\"u-border-2 u-border-grey-dark-1 u-border-no-left u-border-no-right u-border-no-top u-table-cell\"><\/th>\n              <th class=\"u-border-2 u-border-grey-dark-1 u-border-no-left u-border-no-right u-border-no-top u-table-cell u-table-cell-5\">Stellv. Vorsitzende&nbsp;<br>Sport\n              <\/th>\n              <th class=\"u-border-2 u-border-grey-dark-1 u-border-no-left u-border-no-right u-border-no-top u-table-cell u-table-cell-6\"><\/th>\n            <\/tr>\n          <\/thead>\n          <tbody class=\"u-align-left u-table-body u-table-body-1\">\n            <tr style=\"height: 44px;\">\n              <td class=\"u-align-center u-border-2 u-border-grey-dark-1 u-border-no-left u-border-no-right u-table-cell u-table-cell-7\">1980 - dato<\/td>\n              <td class=\"u-border-2 u-border-grey-dark-1 u-border-no-left u-border-no-right u-table-cell\">Hinkel, J\u00fcrgen<\/td>\n              <td class=\"u-align-center u-border-2 u-border-grey-dark-1 u-border-no-left u-border-no-right u-table-cell u-table-cell-9\">2015 - dato<\/td>\n              <td class=\"u-border-2 u-border-grey-dark-1 u-border-no-left u-border-no-right u-table-cell\">Veit, Udo<\/td>\n              <td class=\"u-align-center u-border-2 u-border-grey-dark-1 u-border-no-left u-border-no-right u-table-cell u-table-cell-11\">2013 - dato<\/td>\n              <td class=\"u-border-2 u-border-grey-dark-1 u-border-no-left u-border-no-right u-table-cell\">Walter, Wolfgang<\/td>\n            <\/tr>\n            <tr style=\"height: 44px;\">\n              <td class=\"u-align-center u-border-2 u-border-grey-dark-1 u-border-no-left u-border-no-right u-table-cell\">1973 - 1980<\/td>\n              <td class=\"u-border-2 u-border-grey-dark-1 u-border-no-left u-border-no-right u-table-cell\">Veit, Heinz<\/td>\n              <td class=\"u-align-center u-border-2 u-border-grey-dark-1 u-border-no-left u-border-no-right u-table-cell\">2009 - 2015<\/td>\n              <td class=\"u-border-2 u-border-grey-dark-1 u-border-no-left u-border-no-right u-table-cell\">Steffens, Ralph<\/td>\n              <td class=\"u-align-center u-border-2 u-border-grey-dark-1 u-border-no-left u-border-no-right u-table-cell u-table-cell-17\">2009 - 2013<\/td>\n              <td class=\"u-border-2 u-border-grey-dark-1 u-border-no-left u-border-no-right u-table-cell\">Wenkel, Andreas<\/td>\n            <\/tr>\n            <tr style=\"height: 44px;\">\n              <td class=\"u-align-center u-border-2 u-border-grey-dark-1 u-border-no-left u-border-no-right u-table-cell\">1970 - 1973<\/td>\n              <td class=\"u-border-2 u-border-grey-dark-1 u-border-no-left u-border-no-right u-table-cell\">Silz, Reinhold<\/td>\n              <td class=\"u-align-center u-border-2 u-border-grey-dark-1 u-border-no-left u-border-no-right u-table-cell\">2003 - 2009<\/td>\n              <td class=\"u-border-2 u-border-grey-dark-1 u-border-no-left u-border-no-right u-table-cell\">Simon, Werner<\/td>\n              <td class=\"u-align-center u-border-2 u-border-grey-dark-1 u-border-no-left u-border-no-right u-table-cell u-table-cell-23\">1997 - 2009<\/td>\n              <td class=\"u-border-2 u-border-grey-dark-1 u-border-no-left u-border-no-right u-table-cell\">Koch, Rosemarie<\/td>\n            <\/tr>\n            <tr style=\"height: 44px;\">\n              <td class=\"u-align-center u-border-2 u-border-grey-dark-1 u-border-no-left u-border-no-right u-table-cell\">1967 - 1969<\/td>\n              <td class=\"u-border-2 u-border-grey-dark-1 u-border-no-left u-border-no-right u-table-cell\">Sickenberger, Franz<\/td>\n              <td class=\"u-align-center u-border-2 u-border-grey-dark-1 u-border-no-left u-border-no-right u-table-cell\">1989 - 2003<\/td>\n              <td class=\"u-border-2 u-border-grey-dark-1 u-border-no-left u-border-no-right u-table-cell\">Schell, Albert<\/td>\n              <td class=\"u-align-center u-border-2 u-border-grey-dark-1 u-border-no-left u-border-no-right u-table-cell u-table-cell-29\">1989 - 1997<\/td>\n              <td class=\"u-border-2 u-border-grey-dark-1 u-border-no-left u-border-no-right u-table-cell\">Geyer, Ursula<\/td>\n            <\/tr>\n            <tr style=\"height: 44px;\">\n              <td class=\"u-align-center u-border-2 u-border-grey-dark-1 u-border-no-left u-border-no-right u-table-cell\">1966 - 1964<\/td>\n              <td class=\"u-border-2 u-border-grey-dark-1 u-border-no-left u-border-no-right u-table-cell\">Silz, Reinhold<\/td>\n              <td class=\"u-align-center u-border-2 u-border-grey-dark-1 u-border-no-left u-border-no-right u-table-cell\">1973 - 1989<\/td>\n              <td class=\"u-border-2 u-border-grey-dark-1 u-border-no-left u-border-no-right u-table-cell\">Becker, Albert<\/td>\n              <td class=\"u-align-center u-border-2 u-border-grey-dark-1 u-border-no-left u-border-no-right u-table-cell u-table-cell-35\">1981 - 1989<\/td>\n              <td class=\"u-border-2 u-border-grey-dark-1 u-border-no-left u-border-no-right u-table-cell\">Linke, Norbert<\/td>\n            <\/tr>\n            <tr style=\"height: 49px;\">\n              <td class=\"u-border-2 u-border-grey-dark-1 u-border-no-left u-border-no-right u-table-cell u-table-cell-37\">Bis 1964 Wechsel in vereinsalphabetischer Reihenfolge<\/td>\n              <td class=\"u-border-2 u-border-grey-dark-1 u-border-no-left u-border-no-right u-table-cell\"><\/td>\n              <td class=\"u-border-2 u-border-grey-dark-1 u-border-no-left u-border-no-right u-table-cell\"><\/td>\n              <td class=\"u-border-2 u-border-grey-dark-1 u-border-no-left u-border-no-right u-table-cell\"><\/td>\n              <td class=\"u-align-center u-border-2 u-border-grey-dark-1 u-border-no-left u-border-no-right u-table-cell u-table-cell-41\">1973 - 1981<\/td>\n              <td class=\"u-border-2 u-border-grey-dark-1 u-border-no-left u-border-no-right u-table-cell\">Brod\u00e4cker, Willi<\/td>\n            <\/tr>\n          <\/tbody>\n        <\/table>\n      <\/div>\n    <\/section>\n    <section class=\"u-align-center u-clearfix u-container-align-center u-gradient u-valign-middle u-section-6\" id=\"carousel_7ad5\">\n      <div class=\"custom-expanded u-align-center u-table u-table-responsive u-table-1\">\n        <table class=\"u-table-entity\">\n          <colgroup>\n            <col width=\"16.6%\">\n            <col width=\"18.4%\">\n            <col width=\"15.5%\">\n            <col width=\"16.3%\">\n            <col width=\"16.2%\">\n            <col width=\"17%\">\n          <\/colgroup>\n          <thead class=\"u-align-center u-gradient u-table-header u-table-header-1\">\n            <tr style=\"height: 98px;\">\n              <th class=\"u-border-2 u-border-grey-dark-1 u-border-no-left u-border-no-right u-border-no-top u-table-cell u-table-cell-1\">Gesch\u00e4ftsf\u00fchrer<\/th>\n              <th class=\"u-border-2 u-border-grey-dark-1 u-border-no-left u-border-no-right u-border-no-top u-table-cell\"><\/th>\n              <th class=\"u-border-2 u-border-grey-dark-1 u-border-no-left u-border-no-right u-border-no-top u-table-cell u-table-cell-3\">Archivar<\/th>\n              <th class=\"u-border-2 u-border-grey-dark-1 u-border-no-left u-border-no-right u-border-no-top u-table-cell\"><\/th>\n              <th class=\"u-border-2 u-border-grey-dark-1 u-border-no-left u-border-no-right u-border-no-top u-table-cell u-table-cell-5\">Ehrenmitglied<\/th>\n              <th class=\"u-border-2 u-border-grey-dark-1 u-border-no-left u-border-no-right u-border-no-top u-table-cell u-table-cell-6\"><\/th>\n            <\/tr>\n          <\/thead>\n          <tbody class=\"u-align-left u-table-body u-table-body-1\">\n            <tr style=\"height: 44px;\">\n              <td class=\"u-align-center u-border-2 u-border-grey-dark-1 u-border-no-left u-border-no-right u-table-cell u-table-cell-7\">2009 - dato<\/td>\n              <td class=\"u-border-2 u-border-grey-dark-1 u-border-no-left u-border-no-right u-table-cell\">Bauer, Marita<\/td>\n              <td class=\"u-align-center u-border-2 u-border-grey-dark-1 u-border-no-left u-border-no-right u-table-cell u-table-cell-9\">2023 - dato<\/td>\n              <td class=\"u-border-2 u-border-grey-dark-1 u-border-no-left u-border-no-right u-table-cell\">Schmitt, Irmgard<\/td>\n              <td class=\"u-align-center u-border-2 u-border-grey-dark-1 u-border-no-left u-border-no-right u-table-cell u-table-cell-11\">seit 1990<\/td>\n              <td class=\"u-border-2 u-border-grey-dark-1 u-border-no-left u-border-no-right u-table-cell\">Becker, Albert<\/td>\n            <\/tr>\n            <tr style=\"height: 44px;\">\n              <td class=\"u-align-center u-border-2 u-border-grey-dark-1 u-border-no-left u-border-no-right u-table-cell\">2005 - 2009<\/td>\n              <td class=\"u-border-2 u-border-grey-dark-1 u-border-no-left u-border-no-right u-table-cell\">Steffens, Ralph<\/td>\n              <td class=\"u-align-center u-border-2 u-border-grey-dark-1 u-border-no-left u-border-no-right u-table-cell\">2015 - 2023<\/td>\n              <td class=\"u-border-2 u-border-grey-dark-1 u-border-no-left u-border-no-right u-table-cell\">Schmitt, Werner<\/td>\n              <td class=\"u-align-center u-border-2 u-border-grey-dark-1 u-border-no-left u-border-no-right u-table-cell u-table-cell-17\">Funktionen:<\/td>\n              <td class=\"u-border-2 u-border-grey-dark-1 u-border-no-left u-border-no-right u-table-cell u-table-cell-18\">Vorsitzender, Schriftf\u00fchrer, Gesch\u00e4ftsf\u00fchrer<\/td>\n            <\/tr>\n            <tr style=\"height: 44px;\">\n              <td class=\"u-align-center u-border-2 u-border-grey-dark-1 u-border-no-left u-border-no-right u-table-cell\">1997 - 2005<\/td>\n              <td class=\"u-border-2 u-border-grey-dark-1 u-border-no-left u-border-no-right u-table-cell\">Werkmeister, Andreas<\/td>\n              <td class=\"u-align-center u-border-2 u-border-grey-dark-1 u-border-no-left u-border-no-right u-table-cell\">1993 - 2015<\/td>\n              <td class=\"u-border-2 u-border-grey-dark-1 u-border-no-left u-border-no-right u-table-cell\">Werkmeister, Karl-Heinz<\/td>\n              <td class=\"u-align-center u-border-2 u-border-grey-dark-1 u-border-no-left u-border-no-right u-table-cell u-table-cell-23\"><\/td>\n              <td class=\"u-border-2 u-border-grey-dark-1 u-border-no-left u-border-no-right u-table-cell\"><\/td>\n            <\/tr>\n            <tr style=\"height: 44px;\">\n              <td class=\"u-align-center u-border-2 u-border-grey-dark-1 u-border-no-left u-border-no-right u-table-cell\">1993 - 1997<\/td>\n              <td class=\"u-border-2 u-border-grey-dark-1 u-border-no-left u-border-no-right u-table-cell\">Koch, Rosemarie<\/td>\n              <td class=\"u-align-center u-border-2 u-border-grey-dark-1 u-border-no-left u-border-no-right u-table-cell\">1989 - 1993<\/td>\n              <td class=\"u-border-2 u-border-grey-dark-1 u-border-no-left u-border-no-right u-table-cell\">Giseler, Petra<\/td>\n              <td class=\"u-align-center u-border-2 u-border-grey-dark-1 u-border-no-left u-border-no-right u-table-cell u-table-cell-29\"><\/td>\n              <td class=\"u-border-2 u-border-grey-dark-1 u-border-no-left u-border-no-right u-table-cell\"><\/td>\n            <\/tr>\n            <tr style=\"height: 44px;\">\n              <td class=\"u-align-center u-border-2 u-border-grey-dark-1 u-border-no-left u-border-no-right u-table-cell\">1989 - 1993<\/td>\n              <td class=\"u-border-2 u-border-grey-dark-1 u-border-no-left u-border-no-right u-table-cell\">M\u00e4gdefessel, Wolfgang<\/td>\n              <td class=\"u-align-center u-border-2 u-border-grey-dark-1 u-border-no-left u-border-no-right u-table-cell\">1985 - 1989<\/td>\n              <td class=\"u-border-2 u-border-grey-dark-1 u-border-no-left u-border-no-right u-table-cell\">Geyer, Ursula<\/td>\n              <td class=\"u-align-center u-border-2 u-border-grey-dark-1 u-border-no-left u-border-no-right u-table-cell u-table-cell-35\"><\/td>\n              <td class=\"u-border-2 u-border-grey-dark-1 u-border-no-left u-border-no-right u-table-cell\"><\/td>\n            <\/tr>\n            <tr style=\"height: 47px;\">\n              <td class=\"u-align-center u-border-2 u-border-grey-dark-1 u-border-no-left u-border-no-right u-table-cell\">1981 - 1989<\/td>\n              <td class=\"u-border-2 u-border-grey-dark-1 u-border-no-left u-border-no-right u-table-cell\">K\u00f6hler, Norbert<\/td>\n              <td class=\"u-align-center u-border-2 u-border-grey-dark-1 u-border-no-left u-border-no-right u-table-cell\">1973 - 1985<\/td>\n              <td class=\"u-border-2 u-border-grey-dark-1 u-border-no-left u-border-no-right u-table-cell\">R\u00f6der, Heinz<\/td>\n              <td class=\"u-align-center u-border-2 u-border-grey-dark-1 u-border-no-left u-border-no-right u-table-cell u-table-cell-41\"><\/td>\n              <td class=\"u-align-center u-border-2 u-border-grey-dark-1 u-border-no-left u-border-no-right u-table-cell\"><\/td>\n            <\/tr>\n            <tr style=\"height: 43px;\">\n              <td class=\"u-align-center u-border-2 u-border-grey-dark-1 u-border-no-left u-border-no-right u-table-cell\">1973 - 1981<\/td>\n              <td class=\"u-border-2 u-border-grey-dark-1 u-border-no-left u-border-no-right u-table-cell\">Lehr, Siegfried<\/td>\n              <td class=\"u-border-2 u-border-grey-dark-1 u-border-no-left u-border-no-right u-table-cell\"><\/td>\n              <td class=\"u-border-2 u-border-grey-dark-1 u-border-no-left u-border-no-right u-table-cell\"><\/td>\n              <td class=\"u-align-center u-border-2 u-border-grey-dark-1 u-border-no-left u-border-no-right u-table-cell u-table-cell-47\"><\/td>\n              <td class=\"u-border-2 u-border-grey-dark-1 u-border-no-left u-border-no-right u-table-cell\"><\/td>\n            <\/tr>\n          <\/tbody>\n        <\/table>\n      <\/div>\n    <\/section>\n    \n    \n    \n  \n","protected":false},"excerpt":{"rendered":"<p>Vorstand des&nbsp;Vereinsring- Finthen J\u00fcrgen Hinkel Vorsitzender Udo Veit Stellv. Vors. Kultur&nbsp; Wolfgang Walter Stellv. Vors. Sport Marita Bauer Gesch\u00e4ftsf\u00fchrerin . . Irmgard Schmitt Archivarin Vorsitzende Stellv. VorsitzendeKultur Stellv. Vorsitzende&nbsp;Sport 1980 &#8211; dato Hinkel, J\u00fcrgen 2015 &#8211; dato Veit, Udo 2013 &#8211; dato Walter, Wolfgang 1973 &#8211; 1980 Veit, Heinz 2009 &#8211; 2015 Steffens, Ralph 2009 &hellip; <a href=\"https:\/\/www.vereinsring-finthen.de\/index.php\/vorstand\/\" class=\"more-link\">Continue reading<span class=\"screen-reader-text\"> &#8222;Vorstand&#8220;<\/span><\/a><\/p>\n","protected":false},"author":1,"featured_media":0,"parent":0,"menu_order":5,"comment_status":"closed","ping_status":"closed","template":"","meta":{"footnotes":""},"class_list":["post-65","page","type-page","status-publish","hentry"],"_links":{"self":[{"href":"https:\/\/www.vereinsring-finthen.de\/index.php\/wp-json\/wp\/v2\/pages\/65","targetHints":{"allow":["GET"]}}],"collection":[{"href":"https:\/\/www.vereinsring-finthen.de\/index.php\/wp-json\/wp\/v2\/pages"}],"about":[{"href":"https:\/\/www.vereinsring-finthen.de\/index.php\/wp-json\/wp\/v2\/types\/page"}],"author":[{"embeddable":true,"href":"https:\/\/www.vereinsring-finthen.de\/index.php\/wp-json\/wp\/v2\/users\/1"}],"replies":[{"embeddable":true,"href":"https:\/\/www.vereinsring-finthen.de\/index.php\/wp-json\/wp\/v2\/comments?post=65"}],"version-history":[{"count":12,"href":"https:\/\/www.vereinsring-finthen.de\/index.php\/wp-json\/wp\/v2\/pages\/65\/revisions"}],"predecessor-version":[{"id":221,"href":"https:\/\/www.vereinsring-finthen.de\/index.php\/wp-json\/wp\/v2\/pages\/65\/revisions\/221"}],"wp:attachment":[{"href":"https:\/\/www.vereinsring-finthen.de\/index.php\/wp-json\/wp\/v2\/media?parent=65"}],"curies":[{"name":"wp","href":"https:\/\/api.w.org\/{rel}","templated":true}]}}